{"id":3,"date":"2023-08-18T04:17:30","date_gmt":"2023-08-18T04:17:30","guid":{"rendered":"https:\/\/mamtospravne.cz\/?page_id=3"},"modified":"2023-09-12T15:23:10","modified_gmt":"2023-09-12T14:23:10","slug":"privacy-policy","status":"publish","type":"page","link":"https:\/\/mamtospravne.cz\/index.php\/privacy-policy\/","title":{"rendered":"V\u0161eobecn\u00e9 obchodn\u00ed podm\u00ednky"},"content":{"rendered":"\n<p class=\"has-white-color has-text-color\"><strong>I. \u00davodn\u00ed ustanoven\u00ed<\/strong><\/p>\n\n\n\n<ol type=\"1\" class=\"has-white-color has-text-color wp-block-list\">\n<li>Tyto v\u0161eobecn\u00e9 obchodn\u00ed podm\u00ednky (d\u00e1le t\u00e9\u017e \u201eVOP\u201c) tvo\u0159\u00ed ned\u00edlnou sou\u010d\u00e1st smlouvy uzav\u0159en\u00e9 mezi objednatelem a spole\u010dnost\u00ed Transkript online s. r. o., I\u010c: 24232050, Dlouh\u00e1 729\/37, Star\u00e9 M\u011bsto, 110 00 Praha (d\u00e1le t\u00e9\u017e jen \u201ezhotovitel\u201c).<\/li>\n\n\n\n<li>Zhotovitel s objednatelem jsou d\u00e1le spole\u010dn\u011b ozna\u010dov\u00e1ni jen jako \u201esmluvn\u00ed strany\u201c.<\/li>\n<\/ol>\n\n\n\n<p class=\"has-white-color has-text-color\"><strong>II. Uzav\u0159en\u00ed smlouvy<\/strong><\/p>\n\n\n\n<ol type=\"1\" class=\"has-white-color has-text-color wp-block-list\">\n<li>Objedn\u00e1vku u\u010din\u00ed objednatel p\u00edsemn\u011b, a to bu\u010f e-mailem na e-mailovou adresu zhotovitele, nebo vypln\u011bn\u00edm objedn\u00e1vkov\u00e9ho formul\u00e1\u0159e na www str\u00e1nk\u00e1ch zhotovitele https:\/\/mamtospravne.cz\/<\/li>\n\n\n\n<li>Objedn\u00e1vka objednatele mus\u00ed obsahovat minim\u00e1ln\u011b tyto \u00fadaje:<ol><li>identifikaci objednatele v\u010detn\u011b faktura\u010dn\u00ed a koresponden\u010dn\u00ed adresy, I\u010c nebo data narozen\u00ed, e-mailu a telefonn\u00edho \u010d\u00edsla;<\/li><\/ol><ol><li>specifikaci zak\u00e1zky a \u00fa\u010del zak\u00e1zky;<\/li><\/ol><ol><li>po\u017eadovan\u00fd term\u00edn p\u0159ed\u00e1n\u00ed zak\u00e1zky;<\/li><\/ol>\n<ol class=\"wp-block-list\">\n<li>p\u0159\u00edpadn\u011b dal\u0161\u00ed \u00fadaje nutn\u00e9 pro \u0159\u00e1dnou realizaci zak\u00e1zky.<\/li>\n<\/ol>\n<\/li>\n\n\n\n<li>Dal\u0161\u00ed eventu\u00e1ln\u00ed pokyny \u010di up\u0159esn\u011bn\u00ed objednatele mus\u00ed b\u00fdt u\u010din\u011bny v p\u00edsemn\u00e9 podob\u011b e-mailem zaslan\u00fdm na e-mailovou adresu zhotovitele. Na pokyny \u010di up\u0159esn\u011bn\u00ed u\u010din\u011bn\u00e9 v jin\u00e9 ne\u017e p\u00edsemn\u00e9 podob\u011b nen\u00ed zhotovitel povinen br\u00e1t z\u0159etel. Pokud tyto dopl\u0148uj\u00edc\u00ed pokyny \u010di up\u0159esn\u011bn\u00ed nebudou zhotovitelem v\u00fdslovn\u011b p\u00edsemn\u011b odsouhlaseny, pova\u017euj\u00ed se pln\u011bn\u00ed s t\u011bmito pokyny \u010di up\u0159esn\u011bn\u00edmi spojen\u00e1 za v\u00edcepr\u00e1ce.<\/li>\n\n\n\n<li>Zhotovitel nen\u00ed povinen akceptovat objedn\u00e1vku objednatele a jeho internetov\u00e1 prezentace nen\u00ed nab\u00eddkou k uzav\u0159en\u00ed smlouvy. Za nab\u00eddku k uzav\u0159en\u00ed smlouvy se pova\u017euje a\u017e objedn\u00e1vka objednatele.<\/li>\n\n\n\n<li>Smlouva je uzav\u0159ena okam\u017eikem, kdy zhotovitel potvrd\u00ed objedn\u00e1vku objednatele. Potvrzen\u00ed objedn\u00e1vky se pova\u017euje za doru\u010den\u00e9 objednateli dnem odesl\u00e1n\u00ed potvrzen\u00ed na e-mailovou adresu uvedenou objednatelem. Objednatel u\u010din\u011bn\u00edm popt\u00e1vky, p\u0159\u00edpadn\u011b objedn\u00e1vky \u010di uzav\u0159en\u00edm smlouvy souhlas\u00ed s t\u011bmito VOP.<\/li>\n\n\n\n<li>Zhotovitel za\u0161le objednateli cenovou nab\u00eddku nebo p\u0159ijet\u00ed objedn\u00e1vky potvrd\u00ed na e-mailovou adresu objednatele uvedenou v objedn\u00e1vce. Platnost cenov\u00e9 nab\u00eddky m\u016f\u017ee b\u00fdt \u010dasov\u011b omezena.<\/li>\n\n\n\n<li>\u010cinnosti vy\u017eadovan\u00e9 objednatelem neuveden\u00e9 v objedn\u00e1vce se pova\u017euj\u00ed za v\u00edcepr\u00e1ce (nap\u0159. dodate\u010dn\u011b po\u017eadovan\u00e9 zm\u011bny), nebude-li mezi stranami dohodnuto jinak. Objednatel je povinen zhotoviteli uhradit n\u00e1klady za v\u00edcepr\u00e1ce.<\/li>\n<\/ol>\n\n\n\n<p class=\"has-white-color has-text-color\"><strong>III. P\u0159edm\u011bt pln\u011bn\u00ed<\/strong><\/p>\n\n\n\n<ol type=\"1\" class=\"has-white-color has-text-color wp-block-list\">\n<li>P\u0159edm\u011btem pln\u011bn\u00ed je proveden\u00ed slu\u017eeb souvisej\u00edc\u00edch s jazykov\u00fdmi a stylistick\u00fdmi korekturami \u010di korekturami form\u00e1tov\u00e1n\u00ed zaslan\u00e9ho textu v \u010desk\u00e9m jazyce, p\u0159ekladatelsk\u00e9 slu\u017eby, p\u0159\u00edpadn\u011b jin\u00e9 edita\u010dn\u00ed a tiska\u0159sk\u00e9 pr\u00e1ce, rozmno\u017eov\u00e1n\u00ed CD, DVD, copywritingov\u00e9 a jazykov\u00e9 slu\u017eby dle zad\u00e1n\u00ed objednatele.<\/li>\n\n\n\n<li>P\u0159edm\u011btem pln\u011bn\u00ed mohou b\u00fdt i jin\u00e9 \u010dinnosti podle obsahu smlouvy uzav\u0159en\u00e9 mezi objednatelem a zhotovitelem (v\u0161e d\u00e1le t\u00e9\u017e jako \u201ed\u00edlo\u201c).<\/li>\n<\/ol>\n\n\n\n<p class=\"has-white-color has-text-color\"><strong>IV. V\u0161eobecn\u00e1 ujedn\u00e1n\u00ed<\/strong><\/p>\n\n\n\n<ol type=\"1\" class=\"has-white-color has-text-color wp-block-list\">\n<li>Korekturou se rozum\u00ed oprava gramatick\u00fdch nebo stylistick\u00fdch chyb v textu v \u010desk\u00e9m jazyce. Form\u00e1tov\u00e1n\u00edm se rozum\u00ed \u00faprava textu v MS Word, Open Office \u010di jin\u00e9m textov\u00e9m editoru dle po\u017eadavk\u016f objednatele. Jedn\u00e1 se o zarovn\u00e1n\u00ed textu, nastaven\u00ed velikosti okraj\u016f, \u010d\u00edslov\u00e1n\u00ed str\u00e1nek, zm\u011bnu a nastaven\u00ed styl\u016f, form\u00e1tov\u00e1n\u00ed nadpis\u016f, tabulek, graf\u016f, obr\u00e1zk\u016f.<\/li>\n\n\n\n<li>Zhotovitel se zavazuje za podm\u00ednek dle t\u011bchto VOP objednateli p\u0159edat zak\u00e1zku, tj. korektorsk\u00e9 pr\u00e1ce v dohodnut\u00e9 dob\u011b v elektronick\u00e9 podob\u011b ve form\u00e1tu DOC nebo PDF, p\u0159\u00edpadn\u011b jin\u00fdch dohodnut\u00fdch form\u00e1tech. Tiska\u0159sk\u00e9 nebo rozmno\u017eovac\u00ed slu\u017eby dod\u00e1 zhotovitel ve form\u00e1tu sjednan\u00e9m p\u0159i objedn\u00e1vce. Objednatel se zavazuje p\u0159evz\u00edt zak\u00e1zku a zaplatit cenu za \u010dinnost zhotovitele.<\/li>\n\n\n\n<li>Normostranou textu ur\u010den\u00e9ho ke korektu\u0159e se rozum\u00ed standardizovan\u00e1 strana korekturovan\u00e9ho textu o d\u00e9lce 1 800 znak\u016f v\u010detn\u011b mezer, tzn. 30 \u0159\u00e1dk\u016f po 60 znac\u00edch (d\u00e1le i \u201eNS\u201c).<\/li>\n\n\n\n<li>Zhotovitel&nbsp;m\u016f\u017ee d\u00e1le pov\u011b\u0159it zpracov\u00e1n\u00edm zak\u00e1zky subdodavatele, kter\u00fd je v\u00e1z\u00e1n stejn\u00fdmi povinnostmi jako p\u0159\u00edmo zhotovitel.<\/li>\n<\/ol>\n\n\n\n<p class=\"has-white-color has-text-color\"><strong>V. Pr\u00e1va a povinnosti smluvn\u00edch stran<\/strong><\/p>\n\n\n\n<ol type=\"1\" class=\"has-white-color has-text-color wp-block-list\">\n<li>Objednatel odpov\u00edd\u00e1 za to, \u017ee bu\u010f vlastn\u00ed pln\u00e1 autorsk\u00e1 pr\u00e1va k textu ve v\u00fdchoz\u00edm jazyce, nebo je opr\u00e1vn\u011bn po\u017eadovat korekturu v\u00fdchoz\u00edho textu.<\/li>\n\n\n\n<li>Objednatel odpov\u00edd\u00e1 za obsah textu v\u010detn\u011b u\u017eit\u00ed odborn\u00fdch a jin\u00fdch zvl\u00e1\u0161tn\u00edch term\u00edn\u016f nebo zkratek. Stane-li se zve\u0159ejn\u011bn\u00ed korekturovan\u00e9ho textu p\u0159edm\u011btem soudn\u00edho \u0159\u00edzen\u00ed kv\u016fli hanliv\u00e9mu, ur\u00e1\u017eliv\u00e9mu \u010di jinak pr\u00e1vn\u011b napadnuteln\u00e9mu obsahu, nese ve\u0161kerou odpov\u011bdnost objednatel.<\/li>\n\n\n\n<li>Objednatel je povinen dodat zhotoviteli text v elektronick\u00e9 podob\u011b v upraviteln\u00e9m form\u00e1tu. V opa\u010dn\u00e9m p\u0159\u00edpad\u011b m\u00e1 zhotovitel pr\u00e1vo odstoupit od smlouvy, kter\u00e1 se ru\u0161\u00ed s \u00fa\u010dinky ex tunc.<\/li>\n<\/ol>\n\n\n\n<p class=\"has-white-color has-text-color\"><strong>VI. Cenov\u00e1 ujedn\u00e1n\u00ed<\/strong><\/p>\n\n\n\n<ol type=\"1\" class=\"has-white-color has-text-color wp-block-list\">\n<li>Cena zak\u00e1zky vych\u00e1z\u00ed z&nbsp;aktu\u00e1ln\u011b platn\u00e9ho cen\u00edku uveden\u00e9ho na str\u00e1nk\u00e1ch <a href=\"https:\/\/mamtospravne.cz\/\">https:\/\/mamtospravne.cz\/<\/a>.<\/li>\n\n\n\n<li>Pokud se smluvn\u00ed strany p\u00edsemn\u011b dohodnou na jin\u00e9 cen\u011b (individu\u00e1ln\u00ed cen\u011b), plat\u00ed takto dohodnut\u00e1 cena.<\/li>\n\n\n\n<li>V p\u0159\u00edpad\u011b nadstandardn\u00ed n\u00e1ro\u010dnosti oprav textu, tzn. nad 1050 reviz\u00ed, m\u016f\u017ee objednatel \u00fa\u010dtovat p\u0159ir\u00e1\u017eku v maxim\u00e1ln\u00ed v\u00fd\u0161i 100 % ceny zak\u00e1zky.<\/li>\n\n\n\n<li>Ke v\u0161em cen\u00e1m zhotovitel \u00fa\u010dtuje DPH podle aktu\u00e1ln\u011b platn\u00e9 sazby.<\/li>\n<\/ol>\n\n\n\n<p class=\"has-white-color has-text-color\"><strong>VII. \u010cinnost zhotovitele a sou\u010dinnost objednatele<\/strong><\/p>\n\n\n\n<ol type=\"1\" class=\"has-white-color has-text-color wp-block-list\">\n<li>Objednatel nen\u00ed opr\u00e1vn\u011bn uplatnit n\u00e1roky z vad nebo zp\u016fsoben\u00e9 \u0161kody v p\u0159\u00edpad\u011b zak\u00e1zky nebo jej\u00ed \u010d\u00e1sti, kter\u00e1 byla zhotovitelem provedena zdarma nebo nad r\u00e1mec objedn\u00e1vky objednatele.<\/li>\n\n\n\n<li>Zhotovitel se zavazuje pova\u017eovat ve\u0161ker\u00e9 dokumenty a informace poskytnut\u00e9 mu objednatelem, kter\u00fd hodl\u00e1 vyu\u017e\u00edt slu\u017eeb zhotovitele v souvislosti se zak\u00e1zkou, za p\u0159\u00edsn\u011b d\u016fv\u011brn\u00e9, zachov\u00e1vat o nich ml\u010denlivost a zajistit, aby tyto dokumenty a informace nebyly zp\u0159\u00edstupn\u011bny \u017e\u00e1dn\u00fdm t\u0159et\u00edm osob\u00e1m, vyjma osob, kter\u00e9 se na realizaci zak\u00e1zky pod\u00edlej\u00ed.<\/li>\n\n\n\n<li>Objednatel se zavazuje poskytnout zhotoviteli ve\u0161kerou sou\u010dinnost pot\u0159ebnou pro pln\u011bn\u00ed zak\u00e1zky, v\u010detn\u011b poskytov\u00e1n\u00ed odpov\u011bd\u00ed na dotazy zhotovitele bez zbyte\u010dn\u00e9ho odkladu. V p\u0159\u00edpad\u011b, \u017ee nen\u00ed tato sou\u010dinnost objednatelem poskytov\u00e1na bez zbyte\u010dn\u00e9ho odkladu, je zhotovitel opr\u00e1vn\u011bn prodlou\u017eit adekv\u00e1tn\u011b term\u00edn pln\u011bn\u00ed, p\u0159\u00edpadn\u011b od smlouvy odstoupit.<\/li>\n\n\n\n<li>Objednatel bere na v\u011bdom\u00ed, \u017ee z\u00e1le\u017eitosti t\u00fdkaj\u00edc\u00ed se zak\u00e1zky, dopln\u011bn\u00ed zak\u00e1zky, zm\u011bny rozsahu, ceny zak\u00e1zky, reklamace a dal\u0161\u00ed obdobn\u00e9 z\u00e1le\u017eitosti jsou v p\u0159\u00edpad\u011b e-mailov\u00e9 korespondence ze strany zhotovitele \u0159e\u0161eny pouze formou e-mailov\u00e9 korespondence z n\u00e1sleduj\u00edc\u00ed e-mailov\u00e9 adresy zhotovitele: korektury@transkript.cz . E-maily z jin\u00fdch ne\u017e uveden\u00fdch e-mailov\u00fdch adres nejsou pova\u017eov\u00e1ny za e-maily od zhotovitele a zhotovitel jejich obsahem nen\u00ed v\u00e1z\u00e1n.<\/li>\n\n\n\n<li>Zhotovitel m\u016f\u017ee d\u00e1le pov\u011b\u0159it zpracov\u00e1n\u00edm zak\u00e1zky subdodavatele. Tento subdodavatel je v\u00e1z\u00e1n stejn\u00fdmi povinnostmi jako p\u0159\u00edmo zhotovitel.<\/li>\n<\/ol>\n\n\n\n<p class=\"has-white-color has-text-color\"><strong>VIII. Platebn\u00ed podm\u00ednky<\/strong><\/p>\n\n\n\n<ol type=\"1\" class=\"has-white-color has-text-color wp-block-list\">\n<li>Zhotovitel je opr\u00e1vn\u011bn vystavit objednateli z\u00e1lohovou fakturu splatnou v term\u00ednu uveden\u00e9m na faktu\u0159e na \u010d\u00e1stku a\u017e do v\u00fd\u0161e 100 % p\u0159edpokl\u00e1dan\u00e9 ceny zak\u00e1zky. V p\u0159\u00edpad\u011b, kdy je zhotovitelem vy\u017eadov\u00e1na z\u00e1loha, prodlu\u017euje se term\u00edn p\u0159ed\u00e1n\u00ed zak\u00e1zky o dobu od uzav\u0159en\u00ed smlouvy do doby \u00fahrady z\u00e1lohy. Do doby \u00fahrady z\u00e1lohy nen\u00ed zhotovitel povinen zapo\u010d\u00edt s pln\u011bn\u00edm smlouvy. Bez ohledu na uveden\u00e1 ujedn\u00e1n\u00ed se term\u00edn pln\u011bn\u00ed d\u00e1le prodlu\u017euje v p\u0159\u00edpad\u011b prodlen\u00ed se zaplacen\u00edm z\u00e1lohy, a to o dobu trv\u00e1n\u00ed takov\u00e9ho prodlen\u00ed.<\/li>\n\n\n\n<li>Zhotovitel je opr\u00e1vn\u011bn vystavit da\u0148ov\u00fd doklad (fakturu) v okam\u017eiku vyhotoven\u00ed zak\u00e1zky dle objedn\u00e1vky se splatnost\u00ed k datu p\u0159ed\u00e1n\u00ed zak\u00e1zky.<\/li>\n\n\n\n<li>Objednatel je v p\u0159\u00edpad\u011b prodlen\u00ed s \u00fahradou jak\u00e9koliv \u010d\u00e1stky v souvislosti se smlouvou nebo t\u011bmito VOP povinen uhradit zhotoviteli smluvn\u00ed pokutu, a to ve v\u00fd\u0161i 0,25 % z dlu\u017en\u00e9 \u010d\u00e1stky v\u010detn\u011b DPH za ka\u017ed\u00fd den prodlen\u00ed.<\/li>\n<\/ol>\n\n\n\n<p class=\"has-white-color has-text-color\"><strong>IX. P\u0159ed\u00e1n\u00ed zak\u00e1zky<\/strong><\/p>\n\n\n\n<ol type=\"1\" class=\"has-white-color has-text-color wp-block-list\">\n<li>Zhotovitel je povinen p\u0159edat zak\u00e1zku \u0159\u00e1dn\u011b a v\u010das s v\u00fdhradou posunut\u00ed term\u00ednu p\u0159ed\u00e1n\u00ed z d\u016fvodu prodlen\u00ed na stran\u011b objednatele.<\/li>\n\n\n\n<li>Zhotovitel p\u0159ed\u00e1 zak\u00e1zku elektronicky, nen\u00ed-li mezi stranami dohodnuto jinak. Za p\u0159ed\u00e1n\u00ed zak\u00e1zky se pova\u017euje jej\u00ed odesl\u00e1n\u00ed na elektronickou adresu objednatele uvedenou v objedn\u00e1vce.<\/li>\n\n\n\n<li>Pro p\u0159\u00edpad, \u017ee vyhotovenou zak\u00e1zku nebude ze z\u00e1va\u017en\u00fdch d\u016fvod\u016f mo\u017en\u00e9 p\u0159edat zp\u016fsobem podle p\u0159edchoz\u00edho odstavce, je zhotovitel opr\u00e1vn\u011bn zvolit n\u00e1hradn\u00ed zp\u016fsob p\u0159ed\u00e1n\u00ed zak\u00e1zky.<\/li>\n\n\n\n<li>Objednatel je povinen p\u0159\u00edpadn\u00e9 n\u00e1mitky \u010di p\u0159ipom\u00ednky uplatnit u zhotovitele nejpozd\u011bji do 3 dn\u00ed od p\u0159ed\u00e1n\u00ed zak\u00e1zky. Nebudou-li \u017e\u00e1dn\u00e9 n\u00e1mitky \u010di p\u0159ipom\u00ednky v t\u00e9to lh\u016ft\u011b uplatn\u011bny, pova\u017euje se zak\u00e1zka za zhotovitelem \u0159\u00e1dn\u011b, bez vad a nedod\u011blk\u016f spln\u011bnou a objednatelem \u0159\u00e1dn\u011b p\u0159evzatou.<\/li>\n<\/ol>\n\n\n\n<p class=\"has-white-color has-text-color\"><strong>X. Odstoupen\u00ed od smlouvy<\/strong><\/p>\n\n\n\n<ol type=\"1\" class=\"has-white-color has-text-color wp-block-list\">\n<li>Zhotovitel je opr\u00e1vn\u011bn odstoupit od smlouvy z d\u016fvod\u016f uveden\u00fdch v \u010dl. V. odst. 3 a \u010dl. VII. odst. 3. t\u011bchto VOP, p\u0159\u00edpadn\u011b ze z\u00e1konn\u00fdch d\u016fvod\u016f.<ol><li>Objednatel je opr\u00e1vn\u011bn odstoupit od smlouvy, bude-li zhotovitel v prodlen\u00ed se spln\u011bn\u00edm d\u00edla o v\u00edce ne\u017e 30 dn\u016f.<\/li><\/ol>\n<ol class=\"wp-block-list\">\n<li>Odstoupen\u00ed od smlouvy se pova\u017euje za doru\u010den\u00e9 dnem p\u0159evzet\u00ed druhou stranou. V p\u0159\u00edpad\u011b, \u017ee druh\u00e1 strana odstoupen\u00ed nep\u0159evezme, pova\u017euje se odstoupen\u00ed za doru\u010den\u00e9 t\u0159et\u00edm dnem ode dne odesl\u00e1n\u00ed tohoto odstoupen\u00ed.<\/li>\n<\/ol>\n<\/li>\n<\/ol>\n\n\n\n<p class=\"has-white-color has-text-color\"><strong>XI. Dal\u0161\u00ed ujedn\u00e1n\u00ed<\/strong><\/p>\n\n\n\n<ol type=\"1\" class=\"has-white-color has-text-color wp-block-list\">\n<li>Zhotovitel nen\u00ed odpov\u011bdn\u00fd za prodlen\u00ed, k n\u011bmu\u017e do\u0161lo v souvislosti s okolnostmi vy\u0161\u0161\u00ed moci, jako\u017e i s jin\u00fdmi nep\u0159edv\u00eddateln\u00fdmi a neodvratiteln\u00fdmi mimo\u0159\u00e1dn\u00fdmi ud\u00e1lostmi v\u010detn\u011b (nikoli v\u0161ak v\u00fdlu\u010dn\u011b) p\u0159\u00edpad\u016f v\u00e1lky, v\u00e1le\u010dn\u00e9ho stavu, st\u00e1vek, po\u017e\u00e1r\u016f, povodn\u00ed a jin\u00fdch p\u0159\u00edrodn\u00edch katastrof, st\u00e1vek zam\u011bstnanc\u016f, poruch provozu, zm\u011bn\u011bn\u00fdch \u00fa\u0159edn\u00edch povolen\u00ed \u010di \u00fa\u0159edn\u00edch na\u0159\u00edzen\u00ed a jin\u00fdch obdobn\u00fdch situac\u00ed. O trv\u00e1n\u00ed t\u011bchto okolnost\u00ed se prodlu\u017euj\u00ed p\u0159\u00edslu\u0161n\u00e9 lh\u016fty pro spln\u011bn\u00ed povinnost\u00ed zhotovitele.<ol><li>Ujedn\u00e1n\u00edm smluvn\u00edch pokut v t\u00e9to smlouv\u011b nen\u00ed dot\u010den n\u00e1rok na n\u00e1hradu \u0161kody vznikl\u00e9 v d\u016fsledku poru\u0161en\u00ed povinnosti zaji\u0161\u0165ovan\u00e9 smluvn\u00ed pokutou. N\u00e1hradu \u0161kody lze v\u017edy vym\u00e1hat vedle t\u00e9to smluvn\u00ed pokuty.<\/li><\/ol><ol><li>Objednatel nen\u00ed opr\u00e1vn\u011bn postoupit smlouvu nebo jakoukoliv pohled\u00e1vku \u010di jak\u00e1koliv pr\u00e1va v\u016f\u010di zhotoviteli na t\u0159et\u00ed osobu bez p\u0159edchoz\u00edho p\u00edsemn\u00e9ho souhlasu zhotovitele.<\/li><\/ol><ol><li>Objednatel nen\u00ed opr\u00e1vn\u011bn jednostrann\u011b zapo\u010d\u00edst jak\u00e9koliv pohled\u00e1vky proti pohled\u00e1vk\u00e1m zhotovitele.<\/li><\/ol><ol><li>Smluvn\u00ed strany se dohodly, \u017ee zhotovitel odpov\u00edd\u00e1 za \u0161kodu zp\u016fsobenou v souvislosti se zak\u00e1zkou maxim\u00e1ln\u011b do v\u00fd\u0161e kone\u010dn\u00e9 ceny za tuto zak\u00e1zku. Uveden\u00e9 omezen\u00ed neplat\u00ed, jde-li o \u00fajmu zp\u016fsobenou \u00famysln\u011b nebo z hrub\u00e9 nedbalosti.<\/li><\/ol>\n<ol class=\"wp-block-list\">\n<li>Smluvn\u00ed strany se dohodly, \u017ee ustanoven\u00ed \u00a7 2108 ob\u010dansk\u00e9ho z\u00e1kon\u00edku se neu\u017eije.<\/li>\n<\/ol>\n<\/li>\n<\/ol>\n\n\n\n<p class=\"has-white-color has-text-color\"><strong>XII. Reklamace<\/strong><\/p>\n\n\n\n<ol type=\"1\" class=\"has-white-color has-text-color wp-block-list\">\n<li>Korektorsk\u00e9 \u010di texta\u0159sk\u00e9 slu\u017eby maj\u00ed vadu pouze v p\u0159\u00edpad\u011b, \u017ee nebyly vyhotoveny v odpov\u00eddaj\u00edc\u00ed gramatick\u00e9, stylistick\u00e9 nebo v\u00fdznamov\u00e9 kvalit\u011b. Rozmno\u017eovac\u00ed \u010di tiskov\u00e9 slu\u017eby maj\u00ed vadu pouze v p\u0159\u00edpad\u011b, \u017ee nebyly dod\u00e1ny v souladu se smlouvou nebo nebyly provedeny v odpov\u00eddaj\u00edc\u00ed kvalit\u011b.<ol><li>Reklamaci je nutn\u00e9 uplatnit pouze p\u00edsemn\u011b, uv\u00e9st jej\u00ed d\u016fvod a popsat vadu nebo jej\u00ed charakter.<\/li><\/ol><ol><li>Uzn\u00e1-li zhotovitel vadu za od\u016fvodn\u011bnou, m\u00e1 objednatel n\u00e1rok na korekturu nebo opravu textu, nov\u00e9 vyti\u0161t\u011bn\u00ed vadn\u00e9 \u010d\u00e1sti zak\u00e1zky nebo na slevu z ceny zak\u00e1zky.<\/li><\/ol>\n<ol class=\"wp-block-list\">\n<li>N\u00e1roky z vad je nutn\u00e9 uplatnit u zhotovitele bez zbyte\u010dn\u00e9ho odkladu po zji\u0161t\u011bn\u00ed vad, nejpozd\u011bji v\u0161ak do 3 dn\u016f ode dne p\u0159ed\u00e1n\u00ed zak\u00e1zky. Uplatn\u011bn\u00ed reklamace nezbavuje objednatele povinnosti \u0159\u00e1dn\u011b a v\u010das uhradit cenu za zak\u00e1zku dle vystaven\u00e9ho da\u0148ov\u00e9ho dokladu (faktury).<\/li>\n<\/ol>\n<\/li>\n<\/ol>\n\n\n\n<p class=\"has-white-color has-text-color\"><strong>XIII. Ochrana osobn\u00edch \u00fadaj\u016f<\/strong><\/p>\n\n\n\n<ol type=\"1\" class=\"has-white-color has-text-color wp-block-list\">\n<li>Osobn\u00ed \u00fadaje jsou zpracov\u00e1v\u00e1ny v souladu s platnou legislativou&nbsp; (viz dokument Ochrana osobn\u00edch \u00fadaj\u016f).<\/li>\n<\/ol>\n\n\n\n<p class=\"has-white-color has-text-color\"><strong>XIV. Z\u00e1v\u011bre\u010dn\u00e1 ustanoven\u00ed<\/strong><\/p>\n\n\n\n<ol type=\"1\" class=\"has-white-color has-text-color wp-block-list\">\n<li>Zhotovitel je opr\u00e1vn\u011bn tyto VOP kdykoliv zm\u011bnit. V p\u0159\u00edpad\u011b zm\u011bny VOP jsou zm\u011bn\u011bn\u00e9 VOP z\u00e1vazn\u00e9 pro objednatele po\u010d\u00ednaje 15. dnem po jejich ozn\u00e1men\u00ed objednateli, pokud tento neozn\u00e1mil v uveden\u00e9 lh\u016ft\u011b zhotoviteli, \u017ee se zm\u011bnou VOP nesouhlas\u00ed.<ol><li>V p\u0159\u00edpad\u011b rozporu mezi ustanoven\u00edm smlouvy uzav\u0159en\u00e9 mezi objednatelem a zhotovitelem a t\u011bmito VOP maj\u00ed p\u0159ednost individu\u00e1ln\u00ed ujedn\u00e1n\u00ed v uzav\u0159en\u00e9 smlouv\u011b.<\/li><\/ol><ol><li>Ve\u0161ker\u00e9 vztahy mezi zhotovitelem a objednatelem se \u0159\u00edd\u00ed pr\u00e1vn\u00edm \u0159\u00e1dem \u010cesk\u00e9 republiky, zejm\u00e9na pak ob\u010dansk\u00fdm z\u00e1kon\u00edkem, a to s vylou\u010den\u00edm kolizn\u00edch norem mezin\u00e1rodn\u00edho pr\u00e1va soukrom\u00e9ho, jako\u017e i p\u0159\u00edm\u00fdch norem mezin\u00e1rodn\u00edho pr\u00e1va soukrom\u00e9ho.<\/li><\/ol><ol><li>V p\u0159\u00edpad\u011b neplatnosti nebo ne\u00fa\u010dinnosti jednotliv\u00fdch ustanoven\u00ed VOP nebudou ostatn\u00ed ustanoven\u00ed VOP dot\u010dena. Smluvn\u00ed strany se v p\u0159\u00edpad\u011b neplatnosti n\u011bkter\u00e9ho ustanoven\u00ed VOP zavazuj\u00ed takov\u00e9to ustanoven\u00ed nahradit nov\u00fdm platn\u00fdm ustanoven\u00edm, kter\u00e9 bude sv\u00fdm obsahem co nejv\u00edce odpov\u00eddat \u00fa\u010delu zam\u00fd\u0161len\u00e9mu p\u016fvodn\u00edm ustanoven\u00edm VOP.<\/li><\/ol><ol><li>Tyto v\u0161eobecn\u00e9 obchodn\u00ed podm\u00ednky nahrazuj\u00ed p\u0159\u00edpadn\u00e9 ve\u0161ker\u00e9 p\u0159edchoz\u00ed v\u0161eobecn\u00e9 podm\u00ednky zhotovitele.<\/li><\/ol>\n<ol class=\"wp-block-list\">\n<li>Tyto v\u0161eobecn\u00e9 obchodn\u00ed podm\u00ednky jsou platn\u00e9 od 1. 9. 2023.<\/li>\n<\/ol>\n<\/li>\n<\/ol>\n","protected":false},"excerpt":{"rendered":"<p>I. \u00davodn\u00ed ustanoven\u00ed II. Uzav\u0159en\u00ed smlouvy III. P\u0159edm\u011bt pln\u011bn\u00ed IV. V\u0161eobecn\u00e1 ujedn\u00e1n\u00ed V. Pr\u00e1va a povinnosti smluvn\u00edch stran VI. Cenov\u00e1 [&hellip;]<\/p>\n","protected":false},"author":1,"featured_media":0,"parent":0,"menu_order":0,"comment_status":"closed","ping_status":"open","template":"","meta":{"om_disable_all_campaigns":false,"_monsterinsights_skip_tracking":false,"_monsterinsights_sitenote_active":false,"_monsterinsights_sitenote_note":"","_monsterinsights_sitenote_category":0,"_uf_show_specific_survey":0,"_uf_disable_surveys":false,"footnotes":""},"class_list":["post-3","page","type-page","status-publish","hentry"],"_links":{"self":[{"href":"https:\/\/mamtospravne.cz\/index.php\/wp-json\/wp\/v2\/pages\/3","targetHints":{"allow":["GET"]}}],"collection":[{"href":"https:\/\/mamtospravne.cz\/index.php\/wp-json\/wp\/v2\/pages"}],"about":[{"href":"https:\/\/mamtospravne.cz\/index.php\/wp-json\/wp\/v2\/types\/page"}],"author":[{"embeddable":true,"href":"https:\/\/mamtospravne.cz\/index.php\/wp-json\/wp\/v2\/users\/1"}],"replies":[{"embeddable":true,"href":"https:\/\/mamtospravne.cz\/index.php\/wp-json\/wp\/v2\/comments?post=3"}],"version-history":[{"count":3,"href":"https:\/\/mamtospravne.cz\/index.php\/wp-json\/wp\/v2\/pages\/3\/revisions"}],"predecessor-version":[{"id":89,"href":"https:\/\/mamtospravne.cz\/index.php\/wp-json\/wp\/v2\/pages\/3\/revisions\/89"}],"wp:attachment":[{"href":"https:\/\/mamtospravne.cz\/index.php\/wp-json\/wp\/v2\/media?parent=3"}],"curies":[{"name":"wp","href":"https:\/\/api.w.org\/{rel}","templated":true}]}}