{"id":69,"date":"2023-09-03T15:52:00","date_gmt":"2023-09-03T14:52:00","guid":{"rendered":"https:\/\/mamtospravne.cz\/?page_id=69"},"modified":"2023-11-03T19:03:52","modified_gmt":"2023-11-03T18:03:52","slug":"gdpr","status":"publish","type":"page","link":"https:\/\/mamtospravne.cz\/index.php\/gdpr\/","title":{"rendered":"GDPR"},"content":{"rendered":"\n<h2 class=\"wp-block-heading has-white-color has-text-color\">Informace o zpracov\u00e1n\u00ed osobn\u00edch \u00fadaj\u016f u slu\u017eeb Transkript online<\/h2>\n\n\n\n<p class=\"has-white-color has-text-color\">V souladu s na\u0159\u00edzen\u00edm Evropsk\u00e9ho parlamentu a Rady (EU) 2016\/679 ze dne 27. dubna 2016 o ochran\u011b fyzick\u00fdch osob v souvislosti se zpracov\u00e1n\u00edm osobn\u00edch \u00fadaj\u016f a o voln\u00e9m pohybu t\u011bchto \u00fadaj\u016f a o zru\u0161en\u00ed sm\u011brnice 95\/46\/ES (obecn\u00e9 na\u0159\u00edzen\u00ed o ochran\u011b osobn\u00edch \u00fadaj\u016f)<\/p>\n\n\n\n<p class=\"has-white-color has-text-color\"><strong>1.&nbsp;&nbsp;&nbsp;&nbsp;&nbsp;<\/strong><strong>Spr\u00e1vce osobn\u00edch \u00fadaj\u016f<\/strong><\/p>\n\n\n\n<p class=\"has-white-color has-text-color\">Transkript online s.r.o.<br>S\u00eddlo: Dlouh\u00e1 729\/37, 110 00 Praha 1 \u2013 Star\u00e9 M\u011bsto<br>I\u010cO: 24232050<br>Kontaktn\u00ed \u00fadaje: tel: +420 222 364&nbsp;374, email:&nbsp;podpora@transkript.cz<br>Datov\u00e1 schr\u00e1nka: gfxk65w<\/p>\n\n\n\n<p class=\"has-white-color has-text-color\"><strong>2.&nbsp;&nbsp;&nbsp;&nbsp;&nbsp;<\/strong><strong>\u00da\u010dely zpracov\u00e1n\u00ed osobn\u00edch \u00fadaj\u016f<\/strong><\/p>\n\n\n\n<p class=\"has-white-color has-text-color\">P\u0159i vyu\u017e\u00edv\u00e1n\u00ed slu\u017eeb spole\u010dnosti Transkript m\u016f\u017ee doch\u00e1zet ke zpracov\u00e1n\u00ed osobn\u00edch \u00fadaj\u016f v&nbsp;n\u00e1sleduj\u00edc\u00edch situac\u00edch.<\/p>\n\n\n\n<p class=\"has-white-color has-text-color\">2.1.&nbsp;&nbsp;&nbsp;&nbsp;&nbsp;&nbsp;&nbsp;&nbsp;&nbsp;N\u00e1v\u0161t\u011bva webov\u00fdch str\u00e1nek spole\u010dnosti.<\/p>\n\n\n\n<p class=\"has-white-color has-text-color\">Detailn\u00ed informace naleznete v dokumentu \u201eOchrana osobn\u00edch \u00fadaj\u016f&nbsp;www.transkript.cz\u201c (odkaz na cel\u00fd dokument)<\/p>\n\n\n\n<p class=\"has-white-color has-text-color\">2.2.&nbsp;&nbsp;&nbsp;&nbsp;&nbsp;&nbsp;&nbsp;&nbsp;&nbsp;P\u0159i vyu\u017e\u00edv\u00e1n\u00ed slu\u017eby informa\u010dn\u00ed linky s&nbsp;online p\u0159episem<\/p>\n\n\n\n<p class=\"has-white-color has-text-color\">P\u0159i vyu\u017e\u00edv\u00e1n\u00ed infolinky pro u\u017eivatele s posti\u017een\u00edm sluchu je v\u00e1\u0161 telefonn\u00ed hovor p\u0159esm\u011brov\u00e1n na tel. \u00fast\u0159ednu a server, kter\u00fd zaji\u0161\u0165uje p\u0159epis telefonn\u00edho hovoru.<br>K tomuto zpracov\u00e1n\u00ed doch\u00e1z\u00ed za \u00fa\u010delem umo\u017en\u011bn\u00ed dorozum\u011bn\u00ed mezi pracovn\u00edkem Transkript online a u\u017eivatelem s posti\u017een\u00edm sluchu a to na z\u00e1klad\u011b opr\u00e1vn\u011bn\u00e9ho z\u00e1jmu Spr\u00e1vce osobn\u00edch \u00fadaj\u016f.<br>V\u00e1\u0161 telefonn\u00ed hovor se nezaznamen\u00e1v\u00e1, ani \u017e\u00e1dn\u00fdm zp\u016fsobem d\u00e1le nezpracov\u00e1v\u00e1. Na jeho z\u00e1klad\u011b nedoch\u00e1z\u00ed k automatizovan\u00e9mu rozhodov\u00e1n\u00ed ani profilov\u00e1n\u00ed.<\/p>\n\n\n\n<p class=\"has-white-color has-text-color\">2.3.&nbsp;&nbsp;&nbsp;&nbsp;&nbsp;&nbsp;&nbsp;&nbsp;&nbsp;P\u0159i vyu\u017e\u00edv\u00e1n\u00ed slu\u017eeb mobiln\u00ed aplikace eScribeDroid<\/p>\n\n\n\n<p class=\"has-white-color has-text-color\">Aplikace slou\u017e\u00ed ke zprost\u0159edkov\u00e1n\u00ed online p\u0159episu bu\u010f p\u0159i komunikaci tv\u00e1\u0159\u00ed v&nbsp;tv\u00e1\u0159 \u010di p\u0159i telefonov\u00e1n\u00ed na zvolen\u00e9 \u010d\u00edslo. Detailn\u00ed informace naleznete na https:\/\/docs.google.com\/document\/d\/1IlIpRLOQGYwjsqf09pcKIek1OfiOGkRd56zBhILEuWg\/edit<\/p>\n\n\n\n<p class=\"has-white-color has-text-color\"><strong>3. Pr\u00e1va subjektu \u00fadaj\u016f<\/strong><\/p>\n\n\n\n<p class=\"has-white-color has-text-color\">Na z\u00e1klad\u011b na\u0159\u00edzen\u00ed Evropsk\u00e9ho parlamentu a Rady (EU) 2016\/679 ze dne 27. dubna 2016 o ochran\u011b fyzick\u00fdch osob v souvislosti se zpracov\u00e1n\u00edm osobn\u00edch \u00fadaj\u016f a o voln\u00e9m pohybu t\u011bchto \u00fadaj\u016f a o zru\u0161en\u00ed sm\u011brnice 95\/46\/ES (obecn\u00e9 na\u0159\u00edzen\u00ed o ochran\u011b osobn\u00edch \u00fadaj\u016f) m\u00e1te n\u00e1sleduj\u00edc\u00ed pr\u00e1va:<\/p>\n\n\n\n<p class=\"has-white-color has-text-color\">\u00a7&nbsp;&nbsp;Pr\u00e1vo na p\u0159\u00edstup k osobn\u00edm \u00fadaj\u016fm, kter\u00e9 o V\u00e1s zpracov\u00e1v\u00e1me.<\/p>\n\n\n\n<p class=\"has-white-color has-text-color\">\u00a7&nbsp;&nbsp;Pr\u00e1vo na opravu osobn\u00edch \u00fadaj\u016f, kter\u00e9 o V\u00e1s zpracov\u00e1v\u00e1me.<\/p>\n\n\n\n<p class=\"has-white-color has-text-color\">\u00a7&nbsp;&nbsp;Pr\u00e1vo na omezen\u00ed zpracov\u00e1n\u00ed.<\/p>\n\n\n\n<p class=\"has-white-color has-text-color\">\u00a7&nbsp;&nbsp;Pr\u00e1vo na v\u00fdmaz osobn\u00edch \u00fadaj\u016f.<\/p>\n\n\n\n<p class=\"has-white-color has-text-color\">\u00a7&nbsp;&nbsp;Pr\u00e1vo na p\u0159enositelnost osobn\u00edch \u00fadaj\u016f.<\/p>\n\n\n\n<p class=\"has-white-color has-text-color\">\u00a7&nbsp;&nbsp;Pr\u00e1vo vzn\u00e9st n\u00e1mitku proti zpracov\u00e1n\u00ed.<\/p>\n\n\n\n<p class=\"has-white-color has-text-color\">\u00a7&nbsp;&nbsp;Pr\u00e1vo odvolat souhlas se zpracov\u00e1n\u00edm osobn\u00edch \u00fadaj\u016f.<\/p>\n\n\n\n<p class=\"has-white-color has-text-color\">\u00a7&nbsp;&nbsp;Pr\u00e1vo podat st\u00ed\u017enost u dozorov\u00e9ho org\u00e1nu (\u00da\u0159ad pro ochranu osobn\u00edch \u00fadaj\u016f \u2013&nbsp;www.uoou.cz).<\/p>\n\n\n\n<p class=\"has-white-color has-text-color\">V\u0161echna sv\u00e1 pr\u00e1va m\u016f\u017eete uplatnit kdykoliv osobn\u011b v provozovn\u011b spr\u00e1vce, nebo pomoc\u00ed elektronick\u00e9 komunikace prost\u0159ednictv\u00edm mailu korektury@transkript.cz. V\u0161echny pot\u0159ebn\u00e9 kontakty naleznete v \u010d\u00e1sti 1. Podrobn\u011bj\u0161\u00ed informace k Va\u0161im pr\u00e1v\u016fm m\u016f\u017eete nal\u00e9zt p\u0159\u00edmo v obecn\u00e9m na\u0159\u00edzen\u00ed o ochran\u011b osobn\u00edch \u00fadaj\u016f Evropsk\u00e9ho parlamentu a Rady (EU) 2016\/679 (GDPR) nebo na str\u00e1nk\u00e1ch \u00da\u0159adu pro ochranu osobn\u00edch \u00fadaj\u016f&nbsp;<a href=\"https:\/\/www.uoou.cz\/\" target=\"_blank\" rel=\"noopener\">www.uoou.cz<\/a>.<\/p>\n","protected":false},"excerpt":{"rendered":"<p>Informace o zpracov\u00e1n\u00ed osobn\u00edch \u00fadaj\u016f u slu\u017eeb Transkript online V souladu s na\u0159\u00edzen\u00edm Evropsk\u00e9ho parlamentu a Rady (EU) 2016\/679 ze [&hellip;]<\/p>\n","protected":false},"author":2,"featured_media":0,"parent":0,"menu_order":0,"comment_status":"closed","ping_status":"closed","template":"","meta":{"om_disable_all_campaigns":false,"_monsterinsights_skip_tracking":false,"_monsterinsights_sitenote_active":false,"_monsterinsights_sitenote_note":"","_monsterinsights_sitenote_category":0,"_uf_show_specific_survey":0,"_uf_disable_surveys":false,"footnotes":""},"class_list":["post-69","page","type-page","status-publish","hentry"],"_links":{"self":[{"href":"https:\/\/mamtospravne.cz\/index.php\/wp-json\/wp\/v2\/pages\/69","targetHints":{"allow":["GET"]}}],"collection":[{"href":"https:\/\/mamtospravne.cz\/index.php\/wp-json\/wp\/v2\/pages"}],"about":[{"href":"https:\/\/mamtospravne.cz\/index.php\/wp-json\/wp\/v2\/types\/page"}],"author":[{"embeddable":true,"href":"https:\/\/mamtospravne.cz\/index.php\/wp-json\/wp\/v2\/users\/2"}],"replies":[{"embeddable":true,"href":"https:\/\/mamtospravne.cz\/index.php\/wp-json\/wp\/v2\/comments?post=69"}],"version-history":[{"count":4,"href":"https:\/\/mamtospravne.cz\/index.php\/wp-json\/wp\/v2\/pages\/69\/revisions"}],"predecessor-version":[{"id":114,"href":"https:\/\/mamtospravne.cz\/index.php\/wp-json\/wp\/v2\/pages\/69\/revisions\/114"}],"wp:attachment":[{"href":"https:\/\/mamtospravne.cz\/index.php\/wp-json\/wp\/v2\/media?parent=69"}],"curies":[{"name":"wp","href":"https:\/\/api.w.org\/{rel}","templated":true}]}}